t i be n(-1). Is v(i) prime?
False
Suppose 18967 = -9*w + 13*w + g, 12 = 4*g. Is w composite?
True
Let c = 1769 + 716. Suppose -3*m + 374 = -c. Is m a composite number?
False
Let s be ((-6)/(-7) - 2)/(10/(-35)). Let c be (-2 - -3) + 1*12. Suppose -5*u = s*i - 5*i - c, 4*i = 3*u - 1. Is i a prime number?
True
Let a(w) = 1509*w + 172. Is a(5) composite?
False
Suppose 40*s = 34755 + 44165. Is s a composite number?
False
Suppose 9 = 5*v - 1. Let z(l) = 2*l**2 - l + 1. Let q be z(v). Is q/(14/292) - -3 a composite number?
False
Let w be (6/1)/(3/2). Suppose 4*p + p - 25 = 0, -3*x + w = -p. Suppose -2*b + 283 = x*c - 376, -5*c + 1103 = b. Is c prime?
False
Suppose -584 - 6330 = -2*h. Is h prime?
True
Let r(h) = 2*h - 6. Let k be r(5). Suppose -5*t + u + 56 = -u, -4 = -t + k*u. Suppose t = -j + 4*j. Is j a prime number?
False
Let g = -26 - -26. Suppose g*l + 4539 = 3*l. Is l composite?
True
Let y(m) = -125*m**3 + 6*m**2 + 4*m + 13. Is y(-6) composite?
True
Let t = 0 + -6. Let g be (282/(-4))/(t/36). Let r = -158 + g. Is r a composite number?
True
Let r(l) = -l**2 + 3*l + 20. Let t be r(9). Is (-17)/((-100)/t - 3) a composite number?
True
Suppose 4*u - 128 - 668 = 0. Is u prime?
True
Let m(k) = -k - 6. Let b be m(-13). Suppose q - 112 = -b*q. Is q a prime number?
False
Let k(t) = -34*t - 22 + 3*t**2 + 50*t - 2*t**2. Is k(15) composite?
False
Let o(g) = 12*g + 17. Let h be o(-14). Let i be (h/(-4))/(1/8). Suppose -i + 31 = -j. Is j a composite number?
False
Suppose 5*m + 58 = 2*p, -5*m - 35 = 5*p - 145. Let j be (p/20)/((-3)/(-10)). Suppose j*o - 3*o = 59. Is o composite?
False
Let n = 1675 - -274. Is n a composite number?
False
Let o = -4914 - -10787. Is o composite?
True
Let s(k) = k**2 - 9*k - 8. Let d be s(-1). Suppose 0 = 4*z - d*m - 15170, -5*m + 1 = -4. Is z composite?
False
Let a(r) = 12368*r - 153. Is a(11) composite?
True
Let v(r) = 7*r**2 + 25*r - 7. Let j(t) = t - 18. Let c be j(6). Is v(c) prime?
True
Suppose 0 = -3*i + 2*b - 1865 + 5516, 0 = 3*i + b - 3651. Is i a composite number?
False
Suppose 2*m - 6*m + 21 = -r, -28 = -5*m + 3*r. Suppose 0 = -5*g - 25, -m*i - 4*g = -2*g - 1080. Let l = -1 + i. Is l composite?
True
Let l be (-1 - 1) + -49 + 1. Let q = l - -164. Suppose -4*r - q = -350. Is r a prime number?
True
Suppose -5*z = -0*z + 630. Let f = z + 402. Let k = f + -163. Is k composite?
False
Let o be (-2)/(-10) + 28/35. Is (43/4 + 3)*(5 - o) a prime number?
False
Suppose 0 = -3*g + 2*g + 70. Let h be 4/14 + 260/g. Suppose 0 = -3*y - b + 2154, -5*y + 2*y - h*b = -2145. Is y a composite number?
False
Suppose -2*t - 22676 = -4*r, 0 = -2*t + t - 4. Is r a composite number?
True
Suppose 8 = 5*y + 3*b - 19, 4*b = -2*y + 22. Suppose -1996 = -5*m + y*q + 25426, 16454 = 3*m - q. Suppose p - m = -4*p. Is p a prime number?
True
Let h(j) = 24790*j**3 + 5*j**2 - j - 3. Is h(1) prime?
False
Let g(c) = -41*c**2 - 11*c + 25. Let s be g(4). Let d = s + 1792. Is d a composite number?
False
Suppose -m - m + 7356 = 4*j, -m + 3679 = j. Suppose a + 1423 - m = 0. Is a a prime number?
False
Suppose -4*t = -371023 + 116767. Suppose 0 = 22*h - 10*h - t. Is h a composite number?
False
Suppose -1583 - 1321 = -12*z. Let n = 589 - z. Is n prime?
True
Suppose -6*c = 3*c - 45. Suppose 3*d + c*o = 2*o + 3030, o + 1 = 0. Is d composite?
True
Let l = 4178 + -763. Let j(c) = 6*c**2 + 23*c - 22. Let z be j(1). Suppose -z*u = -2*u - l. Is u composite?
False
Let s = -15 + 6. Suppose 3*p - 4 = -190. Let t = s - p. Is t prime?
True
Suppose 15*b = 20*b + i - 41430, 33160 = 4*b + 4*i. Is b a prime number?
False
Suppose -2*s = -14*s + 122532. Is s a prime number?
True
Let w(n) = 544*n + 21. Is w(26) a composite number?
True
Is ((-433240)/60)/(4/(-6)) a composite number?
False
Suppose 275*d - 51955 = 270*d. Is d a prime number?
True
Let i be 7/2*(-36)/(-63). Suppose 0 = -2*l - i*f + 314, 5*l - 3*f = 662 + 123. Is l composite?
False
Suppose 2*b - 63130 = -5*l + 5*b, -5*b = 5*l - 63090. Is l prime?
False
Is 11/(-44) - 7114/(-8) composite?
True
Let v(f) = -15*f**2 - 4*f - 8. Let w(z) = 15*z**2 + 3*z + 7. Let b(q) = 2*v(q) + 3*w(q). Let n be b(-10). Suppose 13*a - 18*a + n = 0. Is a a composite number?
True
Suppose -5*x - 74998 = -3*n, -3*n + 0*n = -x - 75002. Is n prime?
False
Let h = -383 + 724. Is h composite?
True
Let c be (-248)/20 + (-2)/(-5). Is (-1471*3/c)/(6/24) a prime number?
True
Suppose 0 = y + 2*q - 7, -2*q = -0*y - 2*y + 8. Suppose y*a - 990 = 5*z, 3*z - 566 = -3*a - z. Is a a composite number?
True
Let x(a) = 90*a**3 - 17*a + 16. Is x(1) prime?
True
Let r(c) = -5*c**2 + 413*c - 29. Is r(40) composite?
True
Suppose 102*l + 793540 = 122*l. Is l composite?
True
Let n = -191 + 69. Let c = n + 271. Is c a composite number?
False
Let w(m) = 4*m**2 - 11*m + 6. Is w(25) a prime number?
False
Is (-29 - 60)/((-3)/447) composite?
True
Is (-1169288)/(-20)*8/(128/40) a composite number?
False
Let k = -497 + 1002. Suppose -4*f + 2161 = 5*p + 114, -f = -p - k. Suppose -2*l + 976 = 3*y, 3*y + 4*l - 466 = f. Is y prime?
False
Suppose -230 = -12*u + 7*u. Suppose -z = 16 - u. Suppose s - 133 = z. Is s composite?
False
Let r(y) = y**3 + 9*y**2 - 4. Suppose -q + 22 = -3*q - j, -5*q = -2*j + 37. Let d be r(q). Let a(u) = -u**3 - 5*u - 5. Is a(d) composite?
False
Let y(o) = o**3 - 3*o**2 - 4*o + 6. Let m be y(8). Let f = m + -520. Is (f/(-4) - -1)*2 prime?
False
Let v(n) = -2*n + 10. Let o be v(3). Let t(b) = 8*b**3 + b**2 + 3*b - 5. Is t(o) composite?
True
Let o = 4831 + -2666. Let h = o + -1532. Is h a composite number?
True
Suppose 6*u + 3 = 21. Suppose -5*j + 110 = -2*f, u*j - 5*f - 66 = -f. Is j a composite number?
True
Suppose 0*m = 5*m - 20. Let c be m*(-3 - 12/(-3)). Suppose 0 = c*i + 71 - 347. Is i a prime number?
False
Let n = 15 - 12. Suppose -n*c = c + 644. Let k = c + 256. Is k prime?
False
Is (-3890)/(-22) + (2 - (-80)/(-44)) prime?
False
Suppose 27*m - 1414 = 26*m. Let z = m - 729. Is z prime?
False
Let d = 4187 + -1726. Is d a prime number?
False
Suppose 6*v - 9*v + 4*j = -9719, 4*v - 3*j - 12961 = 0. Is v prime?
False
Suppose x = -x + 6. Suppose -7*w + 4*w = 2*h - 127, -126 = -x*w - 3*h. Is w composite?
False
Suppose 16*g = 320402 + 188606. Is g a composite number?
True
Let v(j) = 18*j**3 + j**2 - 4*j + 3. Suppose 0 = -z + 2*s - 9, 29 = -4*z - s - 16. Let m = -9 - z. Is v(m) prime?
False
Let v(m) = -m**3 + 3*m**2 - 5*m + 9. Let g be v(2). Is (1/g)/((-5320)/(-5316) + -1) prime?
True
Let w(n) = 634*n**2 + 6*n + 3. Let f be w(3). Suppose 7*v = f - 1646. Is v composite?
True
Let n be 16/(-1 - -5) - 666. Is n/(-8) + (-1)/(-4) a composite number?
False
Suppose 0 = -2*y - 5*i + 84, 4*y = -4*i + 107 + 85. Suppose -51*c = -y*c + 673. Is c a prime number?
True
Is (-5 - (-48)/9)*15819 composite?
False
Suppose -44*p + 53434 = -300282. Is p a prime number?
True
Suppose 3*s - 4*b - b - 91 = 0, 2*s - 82 = -2*b. Suppose 0 = 4*t - 3*z - s, -3*t = 3*z + z - 59. Is t prime?
True
Suppose -3*t - 13 = -l - 0*l, -10 = 2*l. Let a be (t - 9)/((-2)/4). Let m = 83 - a. Is m a composite number?
False
Let f(o) = -2*o + 6*o - 4*o - 14 - 4*o. Let t be f(-4). Is (-333)/3*(t + -3) a composite number?
True
Suppose -5*r = -3*g + 3932, 1 - 21 = -4*r. Is g prime?
True
Let n(w) = 190*w**3 + w. Let r = -18 + 19. Is n(r) a prime number?
True
Let z(l) = 355*l**2 - 7*l + 4. Is z(-5) composite?
True
Let x = -17 + 20. Suppose 6*d - 259 = d + 4*w, x*w = 2*d - 98. Suppose 5*t = -d + 160. Is t a composite number?
True
Suppose 4717 = 3*u - 2210. Is u a composite number?
False
Is -5*(0 + 3)/(-3) - -28002 a prime number?
False
Let l = 91 - 62. Suppose 0 = -2*v + 57 + l. Suppose -5*a + 5*g + 190 = -25, -a + 3*g = -v. Is a composite?
False
Let b = -2080 + 4179. Is b composite?
False
Suppose 0 = -5*b + 5, -5*p + 3*b + 44 - 12 = 0. Suppose 12*v = p*v + 6725. Is v prime?
False
Suppose 4*q = -q - 2015. Is -1 + (-2)/4*-2 - q composite?
True
Let k(h) = 2906*h - 141. Is k(2) prime?
False
Suppose 24*l - 1402 = 22*l. Is l prime?
True
Let s be ((-3)/(6/4))/(-2). Is (-381)/(s/(3/(-9))) a composite number?
False
Suppose 5*n + y - 8 = 0, -3*n + 0 - 4 = 5*y. Suppose 0 = -4*p + n*p + 4. Suppose -h = -p*h + 149. Is h a prime number?
True
Let a be (-3 - -6)*(-4 - -5). Suppose -4*t = -a*w - 852, -t + 3*w + 186 = -27. Is t composite?
Tr